is the units digit of w?
6
Suppose -5 = -3*n - 35. Let s(x) = x**3 + 9*x**2 - 8*x + 12. Let r be s(n). What is the units digit of (-175)/(-10)*r/(-5)?
8
Let g = 12139 - -6800. What is the ten thousands digit of g?
1
Let f(c) = 6*c**2 + 3*c - 16. Let k be f(2). Let p(t) = 17*t - 2. Let l be p(3). What is the units digit of k/l + (-145)/(-7)?
1
Let z be -4*(-4)/16*283. Let c = 727 + -285. Let u = c - z. What is the units digit of u?
9
What is the tens digit of 134836/20 - 55/(-25)?
4
Let p = 34785 - 9491. What is the thousands digit of p?
5
Let o(l) = 294*l + 2116. What is the thousands digit of o(84)?
6
Suppose 4*h - 2*z + 4*z = 8130, -4*z + 2015 = h. What is the hundreds digit of h?
0
Suppose -2*p + 19182 = -7*z + 2*z, -3*p + 28773 = 3*z. What is the units digit of p?
1
Let x be -160*(55/11 + -6). Let g(y) = 64*y + 1. Let u be g(1). Let s = u + x. What is the hundreds digit of s?
2
Let t(x) = 7953*x**2 - 144*x + 143. What is the tens digit of t(1)?
5
Suppose 0 = 5*a + 2*b - 38038, 3*a + 4*b - 39021 = -16201. What is the tens digit of a?
0
Let a = 515 - 508. What is the units digit of 35/a + 3 + 823?
1
What is the units digit of (1*3 - (1 + -32954)) + -154 + 152?
4
What is the tens digit of ((-254)/(-6))/(3/(1318 + -22))?
8
Let g(m) = m**3 + 4*m**2 - m - 6. Let q be g(-3). Suppose q*w - 3560 = 2*w. What is the units digit of w?
0
Let d(h) = h**2 + 7*h + 11. Suppose 5*t + 57 = 3*w, 4*t - 3*w = -2 - 46. Let z be d(t). Suppose 0 = 4*o - 3*o - z. What is the units digit of o?
9
Suppose 0 = 39*a - 42*a + 963. What is the tens digit of a + 5 - (-3 + 9)?
2
Let f(o) be the first derivative of o**2 + 6*o + 17. Let u be f(-1). Suppose -u*h + 1 = -7, 3*n - 239 = 5*h. What is the units digit of n?
3
Suppose 0 = -2*c - 289 + 295. Suppose c*o + 12 = -0*o, 1322 = 2*j - 3*o. What is the hundreds digit of j?
6
Let w(x) = -10*x**3 + x**2 + 8*x - 20. Let i be w(2). What is the units digit of (1278/(-5))/((256/i)/16)?
8
Let t(l) = l**3 + 16*l**2 + 12*l - 20. Let k be 360/63 + 2/7. Let c be (-7 + k)/(2/30). What is the units digit of t(c)?
5
Let g(k) = -k. Let n be g(-8). Suppose -2*o + n = -90. Suppose -j - j + 2*v + 74 = 0, o = j + 5*v. What is the units digit of j?
9
What is the ten thousands digit of 9 + (-19 - (-1455)/75)/(1/26865)?
1
Let r(m) = 37*m + 9. Let h be r(-3). Let q be (h/(-15))/(3/60). Suppose -2*w - 50 + q = 0. What is the tens digit of w?
4
Let q(m) = m**3 + 10*m**2 - 6*m - 12. Suppose -89*g = -82*g + 63. What is the units digit of q(g)?
3
Let y = 4196 - 2727. What is the tens digit of y?
6
Let o = 20 + -12. Suppose -56*t + 20111 = -10633. Suppose -5*y = -o*y + t. What is the tens digit of y?
8
Let p = 6784 - 3617. What is the units digit of p?
7
Let h = -11462 + 15307. What is the thousands digit of h?
3
Let g = 370 + -162. Let a = g - -300. What is the hundreds digit of a?
5
Let f(d) = 0*d**2 - d**3 + 4*d**2 - 25*d**2 - 68 - 3*d**2 + 10*d**2 + 32*d. What is the tens digit of f(-17)?
5
Let a(z) = z**3 - 5*z**2 + 5*z - 8. Suppose -7 + 70 = 7*j. Let x be (-2)/j - ((-672)/(-27))/(-4). What is the units digit of a(x)?
8
Suppose -45*l = 1042203 - 2580438. What is the units digit of l?
3
Let m be ((-2)/20*-36)/((-3)/(-50)). Let t = 91 - m. What is the tens digit of t?
3
Suppose 29 - 9 = 4*s. Suppose 10*m - 5*m + 208 = v, 0 = -s*v + 5*m + 1040. What is the tens digit of v?
0
Suppose -84*u + 93*u - 20628 = 0. What is the hundreds digit of u?
2
Let j = 9963 + -4675. What is the tens digit of j?
8
What is the hundreds digit of (-9 + (-225883)/115)/(4/(-10))?
9
Let y(t) = 482*t**2 + 45*t + 131. What is the ten thousands digit of y(-9)?
3
Suppose 2*b = -2*h - 282, -2*h + 2*b = -52 + 338. Let m = 225 - 11. Let t = h + m. What is the units digit of t?
2
What is the hundreds digit of (1*(-39)/(-2))/((924/(-44))/(-48468))?
0
Let z(r) = r**3 - r**2 - 10*r - 1. Let f be (-2)/(-12)*9*6. Let t be z(f). Suppose 223 = 2*g + o, 0*g - 5*g - 3*o = -t. What is the units digit of g?
2
Let w be (3 + 0)*(68/12 - 5). Suppose 3*q - 3 = 0, -w*u - 8 = -3*u - 5*q. Suppose 1 + 263 = u*d. What is the units digit of d?
8
Suppose u = -v, -u = 7*v - 4*v + 2. Let p(l) = 3*l**2 - 20*l - u + 19*l - 2*l**2 - 18. What is the units digit of p(8)?
7
Let i = 42 - 12. Suppose 0 = 33*g - i*g - 354. Let n = 35 + g. What is the hundreds digit of n?
1
Suppose -45*f = -41*f + 8. Let z(t) = -11*t + 29. What is the tens digit of z(f)?
5
Let n be (-10)/(-2) + 0/(-2). Suppose -n*f = -f + 5*l - 813, -f + 5*l = -197. What is the units digit of f?
2
Suppose -56*h + 68*h = 89016. What is the thousands digit of h?
7
Suppose 34*k - 756 = 30*k. Let s be k*(-6)/12*(-2)/3. Suppose -3*g + 267 = s. What is the units digit of g?
8
Suppose -170095 = -84*n + 1399277. What is the tens digit of n?
8
Let y(x) = 4*x**2 + 6*x + 10. Let m be y(-3). Suppose p - m - 225 = 3*c, -5*p - c + 1249 = 0. What is the units digit of p?
0
Let l(w) = 2177*w - 1426. What is the tens digit of l(9)?
6
Suppose 0 = -3*v - 4*c + 24329, 8*v + 4*c - 65224 + 340 = 0. What is the tens digit of v?
1
Let y(q) = -914*q + 2647. What is the ten thousands digit of y(-29)?
2
Let s be (72/(-54))/((-4)/1758). Let l = -126 + s. What is the units digit of l?
0
Let d = 33 + -22. Suppose d*f - 340 - 408 = 0. Suppose 3*x + 4*j = f, j = -2*j - 12. What is the tens digit of x?
2
Let x(v) be the first derivative of v**4/4 + 10*v**3/3 - 31*v**2/2 + 5*v + 85. What is the hundreds digit of x(-11)?
2
Let b be (-4)/2 + 2285*(-192)/(-60). Suppose -6262 = -58*n + b. What is the units digit of n?
4
Let j = 669 + -667. Suppose 3*r = j*q - 4*q + 109, -q = 2*r - 54. What is the tens digit of q?
5
What is the units digit of ((-525)/14)/15*(-50230)/25?
3
Let d be (-16)/32*(2 + -2). Suppose -f + 5*m + 307 = 0, d*m - 3*m = -2*f + 635. What is the tens digit of f?
2
Suppose -4*n = 3*q - 4*q - 15, 13 = 3*n + q. Suppose 0 = n*u + r - 1363, -3*u + 8*u - 1703 = -2*r. What is the hundreds digit of u?
3
Let v(z) = 3773*z + 5144. What is the ten thousands digit of v(6)?
2
Let m(o) = 6020*o - 218. What is the tens digit of m(1)?
0
Let f be ((0/(-2))/2)/(-4 + 5). Suppose -76*q + 73*q + 696 = f. What is the units digit of q?
2
Let j be 6/(-2) + 14 + -13. Let t(n) = 8*n**2 + 2*n + 4. Let u be t(3). What is the tens digit of 1/(1/j) + u?
8
What is the ten thousands digit of 2277000/192 + 70/112?
1
Let d = 8085 + -6395. What is the tens digit of d?
9
What is the ten thousands digit of ((-12)/102*-1 - 14356/68)*-205?
4
Let g = -15781 + 45828. What is the ten thousands digit of g?
3
Let f(q) = 4829*q**2 + 47*q + 47. What is the tens digit of f(-1)?
2
Let t be (-9)/3 - (-4585 - -28). Suppose -3*v = -4*c + t, 7*v - 3*v - 5708 = -5*c. What is the hundreds digit of c?
1
Let t = -795 + 759. What is the tens digit of 24/t*1/(8/(-12660))?
5
Let r(i) = -17*i**3 + 3*i**2 - 3*i - 21. Let q = 311 + -314. What is the units digit of r(q)?
4
Suppose 113*m = 63*m + 36*m + 52290. What is the units digit of m?
5
Suppose -12418 - 15098 = -5*b - 4*p, 3*p + 5488 = b. What is the tens digit of b?
0
Suppose 3*r = -3, 3*g - 20*r + 25*r - 2425 = 0. What is the tens digit of g?
1
Suppose 9*c + 2*x + 266 = 2814, -c - 4*x = -302. Suppose 0*q + 664 = -4*q. Let b = c + q. What is the units digit of b?
6
Suppose -44*o + 45*o = -2*d - 3, d + 4 = 0. Suppose -3*r - 2*r + 6100 = -o*i, -3667 = -3*r - 4*i. What is the tens digit of r?
2
Suppose 2*j = 3*i + 38, 2*j - 56 = 4*i - 2*j. What is the tens digit of 361 + -1 + i/5?
5
Let j(o) = 9366*o**2 - 161*o + 319. What is the ten thousands digit of j(2)?
3
Let b(q) = -88*q**3 - 2*q - 1. Let v be b(-3). Suppose -5*y + 1819 = -v. Suppose 24*r - y = 18*r. What is the units digit of r?
0
Suppose -3*a + 53 = -h - 17, -h = 3*a - 62. Suppose -a*f = -33*f + 2904. What is the tens digit of f?
6
Let j(c) = 30*c**2 - 83*c - 52. What is the tens digit of j(-39)?
1
Suppose -21*r = -19*r + 12. What is the units digit of 44300/75 + (-2)/r?
1
Let c = -2975 - -7990. What is the tens digit of c?
1
Suppose 22*a + 18 = 16*a. What is the tens digit of a + 522 + -1 + -2 + -2?
1
Suppose -361052 + 8800652 + 1357636 = 323*s. What is the hundreds digit of s?
3
Suppose -k - 7 = -5*t, -3*t = 4*k - 8 - 10. Suppose t*m = -3*m + 75. What is the units digit of m?
5
Let m(j) = 15095*j**2 - 653*j - 1313. Wha